der when 61 is divided by f?
19
Let t = -3 - 3. Suppose 4*g = 3*u + 139, -5*g = -2*u - 2*u - 174. What is the remainder when g is divided by (-6)/((-9)/t + -2)?
10
Let k be ((-22)/(-3))/(10/(-45)). Let c = 66 + k. What is the remainder when 98 is divided by c?
32
Let r(t) = 8*t + 2. Suppose 0*x - 26 = -2*x. Suppose 0 = -4*c - 1 + x. Calculate the remainder when r(c) is divided by 14.
12
What is the remainder when 37 is divided by 12/(-10)*250/(-15)?
17
Let w(h) = -h**3 + 6*h**2 + 5*h + 5. What is the remainder when w(6) is divided by 9?
8
Let n(y) = -22*y - 3. Let d be 4*-2*(-2)/8. Suppose -d*f + 13 + 15 = 0. Calculate the remainder when n(-2) is divided by f.
13
What is the remainder when 27 is divided by -7 + 4 - (1 + -15 + 0)?
5
Let t(r) = 10*r**2 + 3*r + 3. Let v be t(-2). Suppose -5*c + v = -83. What is the remainder when 71 is divided by c?
23
Let u(y) = -19*y + 1. What is the remainder when 57 is divided by u(-1)?
17
Suppose -5*t - 4*c = -32, -3*t + 12 = 5*c - 2. Let d = t - 2. Let z = -2 + d. Calculate the remainder when 6 is divided by z.
2
Let x(z) = z**2 + 4*z + 3. Calculate the remainder when x(5) is divided by 17.
14
Let p be (-3)/(-18)*2*12. Let i(m) = 6*m - 7. What is the remainder when i(p) is divided by 5?
2
Let f be (-63)/(2 - 5) + -1. Let l = f - 3. Calculate the remainder when l is divided by 6.
5
Let y(z) = -4*z**2 + 6*z + 6. Let q = 13 - 7. Let f be y(q). Calculate the remainder when f/(-8) + (-3)/(-12) is divided by 7.
6
Suppose 0 = t - 5*t + 100. What is the remainder when 197 is divided by t?
22
Let r(b) = 3*b**2 + 3*b - 13. What is the remainder when 36 is divided by r(3)?
13
Suppose -3*f = 11 - 170. Let l = 10 - -8. What is the remainder when f is divided by l?
17
Let t(h) = -2*h**3 - 4*h**2 - 3*h - 2. Suppose -2*w - 6 = -2. Calculate the remainder when t(w) is divided by 2.
0
Suppose 5*l - 7 = 2*g + 3, -2*g + 6 = 3*l. Suppose -n + r + 43 = g, 2*n + 3*r = 3*n - 53. What is the remainder when n is divided by 20?
18
Let u = 0 + -1. Let q be (u - 9)/(1 + -3). Suppose 3*b = 2*g - 44, -g - q*b + 85 = 4*g. Calculate the remainder when g is divided by 7.
5
Suppose 33 = 17*y - 14*y. Suppose 2*h + 6*n - 2*n - 16 = 0, 5*n + 61 = 2*h. What is the remainder when h is divided by y?
7
Let u(m) = 11*m**2 + 32*m + 6. Let w(g) = 7*g - 3. What is the remainder when w(4) is divided by u(-3)?
7
Calculate the remainder when 113 is divided by (-460)/(-30)*(-6)/(-4).
21
Let k = 53 + -43. Calculate the remainder when 57 is divided by k.
7
Let q(v) = -v**2 + 9*v - 15. Calculate the remainder when 5 is divided by q(6).
2
Let l(y) = -y + 13. Let i be l(11). Let r be (i/(-4))/((-1)/6). Suppose -r = -4*x + 9. What is the remainder when 5 is divided by x?
2
Let k = 5 - -3. What is the remainder when 22 is divided by k?
6
Suppose -5*j = 154 - 9. Let m = j + 90. What is the remainder when m is divided by 21?
19
Let b(z) = 2*z**3 - 2*z**2 + 4*z - 2. What is the remainder when -2*(265/2)/(-5) is divided by b(2)?
11
Let m = -59 - -62. What is the remainder when m is divided by 1?
0
Let j(y) = y**3 + 10*y**2 - 10*y + 13. Let i be j(-11). Suppose k + i*k = 249. Calculate the remainder when k is divided by 28.
27
Let i = -1 - -8. What is the remainder when 37 is divided by i?
2
Suppose 0 = 5*c - 115 - 45. Calculate the remainder when 86 is divided by c.
22
Let g = -5 - -8. Suppose 5*l - 2 = g. What is the remainder when 2 is divided by (-1)/(-1)*l/1?
0
Suppose 3*b - 3*v - 303 = 0, -b - 3*v = -99 + 14. What is the remainder when b is divided by 7?
6
Suppose 2*g - 5*r + 74 = 183, -3*g + 2*r = -136. Suppose -2*q = -3*q - g. Let c = q - -93. What is the remainder when c is divided by 26?
25
Let n = 15 + -5. What is the remainder when 35 is divided by n?
5
Let s = -3 - -7. What is the remainder when 2 - 1*62*-1 is divided by (-178)/(-8) - s/16?
20
Suppose -w = -5*v - 5, 5*v + 3 = 2*w - 7. Suppose 0 = -w*y - t + 127, -2*y - 55 = -4*y + t. Calculate the remainder when y is divided by 14.
12
What is the remainder when 132 is divided by -3 - -6 - (3 + -46)?
40
Let i be (-1 + 1)/(4 - 6). Suppose i = -4*g - 15 + 67. What is the remainder when 24 is divided by g?
11
Suppose 0 = 2*w - b - 53, -2 = b - 3. Suppose -20 = 4*k + 2*t - 82, 4*k - 3*t - 47 = 0. Calculate the remainder when w is divided by k.
13
Let u be 2418/(-8) - 2/(-8). Let q = u + 171. Let v = 184 + q. What is the remainder when v is divided by 18?
17
Suppose 3*y + 0*y - 3*r = 30, -3*r - 6 = -y. What is the remainder when 44 is divided by y?
8
Let m = -16 - -18. Calculate the remainder when m is divided by 1.
0
Let s(h) = h + 11. Let l be s(-12). Calculate the remainder when (-1)/l*(8 - 2) is divided by 5.
1
Let k(j) = -2*j. Let y(r) = -3*r - 1. Let s(o) = 5*k(o) - 4*y(o). Let l be s(-3). Calculate the remainder when 1 is divided by 3 + l + 0/2.
0
Suppose 21 + 55 = 4*k. Suppose 9 = k*c - 16*c. What is the remainder when 3 is divided by c?
0
Suppose -u + 102 = 5*k - 2*k, 0 = -5*k + 4*u + 153. Calculate the remainder when 65 is divided by k.
32
Let y(r) = -r + 12. Let c = 23 - -3. What is the remainder when c is divided by y(5)?
5
Let c be 1*((-8)/(-2))/2. Suppose 0 = -f + c*f - 47. Calculate the remainder when f is divided by 16.
15
Suppose 4*d = -2*b - 2*b + 36, -d = -4*b + 21. Let h(r) = r + 9. Let q be h(12). Let w = q - 12. What is the remainder when w is divided by b?
3
Suppose -d + 2 = -1. Let o(f) = -7*f**2 - 2*f + 9*f**d + f - 10*f**3 + 10. Calculate the remainder when o(-7) is divided by 6.
5
Let y(w) = w**2 + 6*w - 4. Calculate the remainder when 71 is divided by y(4).
35
Suppose -4*y - 3*g + 24 = 1, 5*y = 5*g - 15. Suppose i - 81 = -y*i. Calculate the remainder when 107 is divided by i.
26
Let w be (-30)/(-7) - 6/21. Let x = 0 + w. What is the remainder when 13 is divided by x?
1
Suppose x - 123 = -x + 3*m, -133 = -2*x + 5*m. Calculate the remainder when x is divided by 17 + (3 - 2)*-3.
12
Suppose -3*p = -3, -1 - 4 = -f + 5*p. Calculate the remainder when (-35)/(-10)*36/7 is divided by f.
8
Let t(r) = -r**2 - 9*r + 5. Let q be -2 - (-2 - (-4 - 1)). Calculate the remainder when t(q) is divided by 13.
12
Let u(x) = -x + 9. Let o be u(4). Suppose -o*w + 0*w = -20. Let y(p) = 4*p**3 - 2*p**2 + 4*p - 3. Calculate the remainder when w is divided by y(1).
1
Let w = 12 - 45. Let v = -18 - w. What is the remainder when 29 is divided by v?
14
Suppose 33 = g - 0. Suppose -5*d + 12 = -g. Calculate the remainder when d is divided by 5.
4
Let k be -15 - (3 + -2)*3. Let a = k + 61. Calculate the remainder when a is divided by 11.
10
Suppose -y + 4*x + 4 = 8*x, 4*y = 5*x + 58. Calculate the remainder when 82 is divided by y.
10
Let o = -52 + 22. Suppose 0 = 5*r - 303 + 93. Let t = r + o. Calculate the remainder when 22 is divided by t.
10
Let y = 39 - 24. Calculate the remainder when 29 is divided by y.
14
Let m = 15 + -11. Let n(g) = -2*g**2 + 11*g + 2. Calculate the remainder when n(5) is divided by m.
3
Let i(w) be the second derivative of -1/3*w**3 - 3/2*w**2 + 0 - w. What is the remainder when i(-5) is divided by 2?
1
Let t = 18 + -3. Let b(l) = l**3 + 6*l**2 - 7*l + 4. Let o be b(-7). Calculate the remainder when t is divided by (-5 - -1)*(o + -6).
7
Suppose 3*a - 135 - 69 = 0. Calculate the remainder when a is divided by 23.
22
Let s = -16 - -57. Calculate the remainder when 77 is divided by s.
36
Suppose 5*k - 4*k - 38 = 0. Let h = k + -23. Suppose -4*x = -5*b + 200, -b - 4*x + 3*x + 49 = 0. What is the remainder when b is divided by h?
14
Suppose 5*s + 22 = 4*g, -5*g + 0*s + 5*s = -30. Let w(f) = 2*f**3 + 2*f**2 - 2*f + 1. Suppose 5*b - 11 = -1. What is the remainder when w(b) is divided by g?
5
Suppose -2*p + 13 + 7 = -3*b, -5*b = -3*p + 30. Calculate the remainder when p is divided by 6.
4
Suppose 2*j - 11 = 17. What is the remainder when (-2)/((-2)/(1*54)) is divided by j?
12
Suppose -3*c + 0*c = -15. Suppose -y = l - 12, -c*y - l - 3*l + 59 = 0. What is the remainder when y is divided by 4?
3
Suppose -5*w + 3*w = 0. Suppose 1 + w = l. What is the remainder when (-12)/(-9)*(-6)/(-4) is divided by l?
0
Suppose 0 = -5*g + 2*z + 59, -4*g + z - 5*z + 36 = 0. Calculate the remainder when g is divided by 6.
5
Let r(b) = b**3 - 32*b**2 + 3*b - 31. What is the remainder when r(32) is divided by 26?
13